{"id":753,"date":"2017-09-20T11:51:56","date_gmt":"2017-09-20T11:51:56","guid":{"rendered":"http:\/\/www.olivierdarock.com\/photography\/?page_id=753"},"modified":"2018-12-29T12:15:59","modified_gmt":"2018-12-29T11:15:59","slug":"contact","status":"publish","type":"page","link":"https:\/\/www.olivierdarock.com\/photography\/contact\/","title":{"rendered":"Contact"},"content":{"rendered":"<p>[vc_row][vc_column][vc_custom_heading text=\u00a0\u00bbCONTACT\u00a0\u00bb font_container=\u00a0\u00bbtag:h1|text_align:center\u00a0\u00bb use_theme_fonts=\u00a0\u00bbyes\u00a0\u00bb decor_line=\u00a0\u00bbon\u00a0\u00bb][\/vc_column][\/vc_row][vc_row][vc_column width=\u00a0\u00bb1\/4&Prime; offset=\u00a0\u00bbvc_col-lg-offset-1 vc_col-md-offset-1 vc_col-sm-offset-1&Prime;][vc_icon icon_fontawesome=\u00a0\u00bbfa fa-mobile\u00a0\u00bb color=\u00a0\u00bbcustom\u00a0\u00bb background_style=\u00a0\u00bbrounded-outline\u00a0\u00bb background_color=\u00a0\u00bbcustom\u00a0\u00bb size=\u00a0\u00bblg\u00a0\u00bb align=\u00a0\u00bbcenter\u00a0\u00bb custom_background_color=\u00a0\u00bb#c48f56&Prime;][vc_column_text]<\/p>\n<p style=\"text-align: center;\"><span style=\"font-size: 14px; font-weight: 300;\"><a class=\"\u00bblistButton\" href=\"tel:+33619428289\"> +33 6 19 42 82 89<\/a><\/span><\/p>\n<p>[\/vc_column_text][\/vc_column][vc_column width=\u00a0\u00bb1\/3&Prime;][vc_icon icon_fontawesome=\u00a0\u00bbfa fa-envelope-o\u00a0\u00bb color=\u00a0\u00bbcustom\u00a0\u00bb background_style=\u00a0\u00bbrounded-outline\u00a0\u00bb background_color=\u00a0\u00bbcustom\u00a0\u00bb size=\u00a0\u00bblg\u00a0\u00bb align=\u00a0\u00bbcenter\u00a0\u00bb custom_background_color=\u00a0\u00bb#c48f56&Prime;][vc_column_text]<\/p>\n<p style=\"text-align: center;\"><a href=\"mailto:contact@olivierdarock.com\"><span style=\"font-weight: 300;\">contact@olivierdarock.com<\/span><\/a><\/p>\n<p>[\/vc_column_text][\/vc_column][vc_column width=\u00a0\u00bb1\/4&Prime;][vc_icon icon_fontawesome=\u00a0\u00bbfa fa-map-marker\u00a0\u00bb color=\u00a0\u00bbcustom\u00a0\u00bb background_style=\u00a0\u00bbrounded-outline\u00a0\u00bb background_color=\u00a0\u00bbcustom\u00a0\u00bb size=\u00a0\u00bblg\u00a0\u00bb align=\u00a0\u00bbcenter\u00a0\u00bb custom_background_color=\u00a0\u00bb#c48f56&Prime;][vc_column_text]<\/p>\n<p style=\"text-align: center;\"><span style=\"font-weight: 300;\">Montpellier<\/span><\/p>\n<p>[\/vc_column_text][\/vc_column][\/vc_row][vc_row][vc_column width=\u00a0\u00bb5\/6&Prime; offset=\u00a0\u00bbvc_col-lg-offset-1 vc_col-md-offset-1 vc_col-sm-offset-1&Prime;][vc_column_text]<\/p>\n<div class=\"clearfix _o46 _3erg _29_7 direction_ltr text_align_ltr\">\n<div id=\"js_1hk\" class=\"_3058 _ui9 _hh7 _s1- _52mr _3oh-\" data-tooltip-content=\"15:37\" data-hover=\"tooltip\" data-tooltip-position=\"left\" aria-describedby=\"js_j\">\n<div class=\"_aok\" tabindex=\"0\" aria-label=\"N\u2019h\u00e9sitez pas \u00e0 me contacter pour vos \u00e9v\u00e8nements, photos d\u2019entreprise, mariages, anniversaires, art culinaire et autres. Je me ferai un plaisir de vous r\u00e9pondre rapidement et de contact avec vous pour finaliser votre demande et amener au mieux votre projet.\"><span class=\"_3oh- _58nk\">N\u2019h\u00e9sitez pas \u00e0 me contacter pour vos \u00e9v\u00e8nements, <a href=\"https:\/\/www.olivierdarock.com\/photography\/\">photos d\u2019entreprise<\/a>, <a href=\"https:\/\/www.olivierdarock.com\/photography\/photographe-mariage-montpellier\/\">mariages<\/a>, anniversaires, vos photos d&rsquo;art culinaire et <a href=\"https:\/\/www.olivierdarock.com\/photography\/photographe-humanitaire\/\">autres<\/a>. Je me ferai un plaisir de vous r\u00e9pondre rapidement et de prendre contact avec vous pour finaliser votre demande et amener au mieux votre projet.<\/span><\/div>\n<\/div>\n<\/div>\n<p>[\/vc_column_text][\/vc_column][\/vc_row][vc_row][vc_column][vc_custom_heading text=\u00a0\u00bbContact\u00a0\u00bb font_container=\u00a0\u00bbtag:h4|text_align:center\u00a0\u00bb use_theme_fonts=\u00a0\u00bbyes\u00a0\u00bb decor_line=\u00a0\u00bbon\u00a0\u00bb]\n<div class=\"wpcf7 no-js\" id=\"wpcf7-f4360-o1\" lang=\"fr-FR\" dir=\"ltr\">\n<div class=\"screen-reader-response\"><p role=\"status\" aria-live=\"polite\" aria-atomic=\"true\"><\/p> <ul><\/ul><\/div>\n<form action=\"\/photography\/wp-json\/wp\/v2\/pages\/753#wpcf7-f4360-o1\" method=\"post\" class=\"wpcf7-form init\" aria-label=\"Formulaire de contact\" novalidate=\"novalidate\" data-status=\"init\">\n<div style=\"display: none;\">\n<input type=\"hidden\" name=\"_wpcf7\" value=\"4360\" \/>\n<input type=\"hidden\" name=\"_wpcf7_version\" value=\"5.7.4\" \/>\n<input type=\"hidden\" name=\"_wpcf7_locale\" value=\"fr_FR\" \/>\n<input type=\"hidden\" name=\"_wpcf7_unit_tag\" value=\"wpcf7-f4360-o1\" \/>\n<input type=\"hidden\" name=\"_wpcf7_container_post\" value=\"0\" \/>\n<input type=\"hidden\" name=\"_wpcf7_posted_data_hash\" value=\"\" \/>\n<\/div>\n<p><label> Votre nom (obligatoire)<br \/>\n<span class=\"wpcf7-form-control-wrap\" data-name=\"your-name\"><input size=\"40\" class=\"wpcf7-form-control wpcf7-text wpcf7-validates-as-required\" aria-required=\"true\" aria-invalid=\"false\" value=\"\" type=\"text\" name=\"your-name\" \/><\/span> <\/label>\n<\/p>\n<p><label> Votre adresse de messagerie (obligatoire)<br \/>\n<span class=\"wpcf7-form-control-wrap\" data-name=\"your-email\"><input size=\"40\" class=\"wpcf7-form-control wpcf7-text wpcf7-email wpcf7-validates-as-required wpcf7-validates-as-email\" aria-required=\"true\" aria-invalid=\"false\" value=\"\" type=\"email\" name=\"your-email\" \/><\/span> <\/label>\n<\/p>\n<p><label> Objet (obligatoire)<\/label><br \/>\n<span class=\"wpcf7-form-control-wrap\" data-name=\"Objet\"><select class=\"wpcf7-form-control wpcf7-select wpcf7-validates-as-required\" aria-required=\"true\" aria-invalid=\"false\" name=\"Objet\"><option value=\"\">&#8212;Veuillez choisir une option&#8212;<\/option><option value=\"Demande de rdv\">Demande de rdv<\/option><option value=\"Demande de devis\">Demande de devis<\/option><option value=\"Demande de renseignements\">Demande de renseignements<\/option><option value=\"Autre\">Autre<\/option><\/select><\/span>\n<\/p>\n<p><label> Votre message<br \/>\n<span class=\"wpcf7-form-control-wrap\" data-name=\"your-message\"><textarea cols=\"40\" rows=\"10\" class=\"wpcf7-form-control wpcf7-textarea\" aria-invalid=\"false\" name=\"your-message\"><\/textarea><\/span> <\/label>\n<\/p>\n<p><input class=\"wpcf7-form-control has-spinner wpcf7-submit\" type=\"submit\" value=\"Envoyer\" \/>\n<\/p><div class=\"wpcf7-response-output\" aria-hidden=\"true\"><\/div>\n<\/form>\n<\/div>\n[vc_gmaps link=\u00a0\u00bb#E-8_JTNDaWZyYW1lJTIwc3JjJTNEJTIyaHR0cHMlM0ElMkYlMkZ3d3cuZ29vZ2xlLmNvbSUyRm1hcHMlMkZlbWJlZCUzRnBiJTNEJTIxMW0xOCUyMTFtMTIlMjExbTMlMjExZDczOTU4OC4wODcxMjk4ODUyJTIxMmQzLjI2MzIzMDcwMzE0NjMxNiUyMTNkNDMuNjA2MjA5MTg4NjQzNTIlMjEybTMlMjExZjAlMjEyZjAlMjEzZjAlMjEzbTIlMjExaTEwMjQlMjEyaTc2OCUyMTRmMTMuMSUyMTNtMyUyMTFtMiUyMTFzMHgxMmI2YWZhNzNlNzZjYmYxJTI1M0EweDYxMGViYmMwMjBkM2FiMDklMjEyc09saXZpZXIlMkJEYXJvY2slMkJQaG90b2dyYXBoZSUyMTVlMCUyMTNtMiUyMTFzZnIlMjEyc2ZyJTIxNHYxNTE5NDc2ODAxMjc2JTIyJTIwd2lkdGglM0QlMjI2MDAlMjIlMjBoZWlnaHQlM0QlMjI0NTAlMjIlMjBmcmFtZWJvcmRlciUzRCUyMjAlMjIlMjBzdHlsZSUzRCUyMmJvcmRlciUzQTAlMjIlMjBhbGxvd2Z1bGxzY3JlZW4lM0UlM0MlMkZpZnJhbWUlM0U=\u00a0\u00bb css_animation=\u00a0\u00bbbounceInDown\u00a0\u00bb][\/vc_column][\/vc_row][vc_row][vc_column][vc_button title=\u00a0\u00bbGalerie photos\u00a0\u00bb link=\u00a0\u00bbpage\u00a0\u00bb link_page=\u00a0\u00bb4144&Prime; position=\u00a0\u00bbcenter\u00a0\u00bb][\/vc_column][\/vc_row]<\/p>\n","protected":false},"excerpt":{"rendered":"<p>[vc_row][vc_column][vc_custom_heading text=\u00a0\u00bbCONTACT\u00a0\u00bb font_container=\u00a0\u00bbtag:h1|text_align:center\u00a0\u00bb use_theme_fonts=\u00a0\u00bbyes\u00a0\u00bb decor_line=\u00a0\u00bbon\u00a0\u00bb][\/vc_column][\/vc_row][vc_row][vc_column width=\u00a0\u00bb1\/4&Prime; offset=\u00a0\u00bbvc_col-lg-offset-1 vc_col-md-offset-1 vc_col-sm-offset-1&Prime;][vc_icon icon_fontawesome=\u00a0\u00bbfa fa-mobile\u00a0\u00bb color=\u00a0\u00bbcustom\u00a0\u00bb background_style=\u00a0\u00bbrounded-outline\u00a0\u00bb background_color=\u00a0\u00bbcustom\u00a0\u00bb size=\u00a0\u00bblg\u00a0\u00bb align=\u00a0\u00bbcenter\u00a0\u00bb custom_background_color=\u00a0\u00bb#c48f56&Prime;][vc_column_text] +33 6 19 42 82 89 [\/vc_column_text][\/vc_column][vc_column width=\u00a0\u00bb1\/3&Prime;][vc_icon icon_fontawesome=\u00a0\u00bbfa fa-envelope-o\u00a0\u00bb color=\u00a0\u00bbcustom\u00a0\u00bb background_style=\u00a0\u00bbrounded-outline\u00a0\u00bb background_color=\u00a0\u00bbcustom\u00a0\u00bb size=\u00a0\u00bblg\u00a0\u00bb align=\u00a0\u00bbcenter\u00a0\u00bb custom_background_color=\u00a0\u00bb#c48f56&Prime;][vc_column_text] contact@olivierdarock.com [\/vc_column_text][\/vc_column][vc_column width=\u00a0\u00bb1\/4&Prime;][vc_icon icon_fontawesome=\u00a0\u00bbfa fa-map-marker\u00a0\u00bb color=\u00a0\u00bbcustom\u00a0\u00bb background_style=\u00a0\u00bbrounded-outline\u00a0\u00bb background_color=\u00a0\u00bbcustom\u00a0\u00bb size=\u00a0\u00bblg\u00a0\u00bb align=\u00a0\u00bbcenter\u00a0\u00bb custom_background_color=\u00a0\u00bb#c48f56&Prime;][vc_column_text] Montpellier [\/vc_column_text][\/vc_column][\/vc_row][vc_row][vc_column width=\u00a0\u00bb5\/6&Prime; offset=\u00a0\u00bbvc_col-lg-offset-1 vc_col-md-offset-1 vc_col-sm-offset-1&Prime;][vc_column_text] N\u2019h\u00e9sitez pas \u00e0 me contacter [&hellip;]<\/p>\n","protected":false},"author":1,"featured_media":4138,"parent":0,"menu_order":0,"comment_status":"closed","ping_status":"closed","template":"template-fullwidth.php","meta":{"footnotes":""},"class_list":["post-753","page","type-page","status-publish","has-post-thumbnail","hentry"],"acf":[],"yoast_head":"<!-- This site is optimized with the Yoast SEO plugin v20.2.1 - https:\/\/yoast.com\/wordpress\/plugins\/seo\/ -->\n<title>Contact - Photographe Montpellier - Entreprise - \u00c9v\u00e8nements - Shooting<\/title>\n<meta name=\"description\" content=\"Contact - N&#039;h\u00e9sitez pas \u00e0 me contacter pour vos \u00e9v\u00e8nements, photos d&#039;entreprise, mariages, anniversaires, culinaire et autres\u00a0 ainsi je me ferai un plaisir de vous r\u00e9pondre rapidement. Enfin, je prendrai contact avec vous pour finaliser votre demande et amener au mieux votre projet.\" \/>\n<meta name=\"robots\" content=\"index, follow, max-snippet:-1, max-image-preview:large, max-video-preview:-1\" \/>\n<link rel=\"canonical\" href=\"https:\/\/www.olivierdarock.com\/photography\/contact\/\" \/>\n<meta property=\"og:locale\" content=\"fr_FR\" \/>\n<meta property=\"og:type\" content=\"article\" \/>\n<meta property=\"og:title\" content=\"Contact - Photographe Montpellier - Entreprise - \u00c9v\u00e8nements - Shooting\" \/>\n<meta property=\"og:description\" content=\"Contact - N&#039;h\u00e9sitez pas \u00e0 me contacter pour vos \u00e9v\u00e8nements, photos d&#039;entreprise, mariages, anniversaires, culinaire et autres\u00a0 ainsi je me ferai un plaisir de vous r\u00e9pondre rapidement. Enfin, je prendrai contact avec vous pour finaliser votre demande et amener au mieux votre projet.\" \/>\n<meta property=\"og:url\" content=\"https:\/\/www.olivierdarock.com\/photography\/contact\/\" \/>\n<meta property=\"og:site_name\" content=\"Photographe \/ Graphiste Freelance Montpellier\" \/>\n<meta property=\"article:publisher\" content=\"http:\/\/www.facebook.com\/olivierdarockphotography\" \/>\n<meta property=\"article:modified_time\" content=\"2018-12-29T11:15:59+00:00\" \/>\n<meta property=\"og:image\" content=\"https:\/\/www.olivierdarock.com\/photography\/wp-content\/uploads\/2017\/12\/Mariage-Marion-Mathieu-Mauguio2.jpg\" \/>\n\t<meta property=\"og:image:width\" content=\"1200\" \/>\n\t<meta property=\"og:image:height\" content=\"801\" \/>\n\t<meta property=\"og:image:type\" content=\"image\/jpeg\" \/>\n<meta name=\"twitter:card\" content=\"summary_large_image\" \/>\n<meta name=\"twitter:label1\" content=\"Dur\u00e9e de lecture estim\u00e9e\" \/>\n\t<meta name=\"twitter:data1\" content=\"2 minutes\" \/>\n<script type=\"application\/ld+json\" class=\"yoast-schema-graph\">{\"@context\":\"https:\/\/schema.org\",\"@graph\":[{\"@type\":\"WebPage\",\"@id\":\"https:\/\/www.olivierdarock.com\/photography\/contact\/\",\"url\":\"https:\/\/www.olivierdarock.com\/photography\/contact\/\",\"name\":\"Contact - Photographe Montpellier - Entreprise - \u00c9v\u00e8nements - Shooting\",\"isPartOf\":{\"@id\":\"https:\/\/www.olivierdarock.com\/photography\/#website\"},\"datePublished\":\"2017-09-20T11:51:56+00:00\",\"dateModified\":\"2018-12-29T11:15:59+00:00\",\"description\":\"Contact - N'h\u00e9sitez pas \u00e0 me contacter pour vos \u00e9v\u00e8nements, photos d'entreprise, mariages, anniversaires, culinaire et autres\u00a0 ainsi je me ferai un plaisir de vous r\u00e9pondre rapidement. Enfin, je prendrai contact avec vous pour finaliser votre demande et amener au mieux votre projet.\",\"breadcrumb\":{\"@id\":\"https:\/\/www.olivierdarock.com\/photography\/contact\/#breadcrumb\"},\"inLanguage\":\"fr-FR\",\"potentialAction\":[{\"@type\":\"ReadAction\",\"target\":[\"https:\/\/www.olivierdarock.com\/photography\/contact\/\"]}]},{\"@type\":\"BreadcrumbList\",\"@id\":\"https:\/\/www.olivierdarock.com\/photography\/contact\/#breadcrumb\",\"itemListElement\":[{\"@type\":\"ListItem\",\"position\":1,\"name\":\"Accueil\",\"item\":\"https:\/\/www.olivierdarock.com\/photography\/\"},{\"@type\":\"ListItem\",\"position\":2,\"name\":\"Contact\"}]},{\"@type\":\"WebSite\",\"@id\":\"https:\/\/www.olivierdarock.com\/photography\/#website\",\"url\":\"https:\/\/www.olivierdarock.com\/photography\/\",\"name\":\"Photographe \/ Graphiste Freelance Montpellier\",\"description\":\"Photographe \/ Graphiste Freelance Montpellier\",\"potentialAction\":[{\"@type\":\"SearchAction\",\"target\":{\"@type\":\"EntryPoint\",\"urlTemplate\":\"https:\/\/www.olivierdarock.com\/photography\/?s={search_term_string}\"},\"query-input\":\"required name=search_term_string\"}],\"inLanguage\":\"fr-FR\"}]}<\/script>\n<!-- \/ Yoast SEO plugin. -->","yoast_head_json":{"title":"Contact - Photographe Montpellier - Entreprise - \u00c9v\u00e8nements - Shooting","description":"Contact - N'h\u00e9sitez pas \u00e0 me contacter pour vos \u00e9v\u00e8nements, photos d'entreprise, mariages, anniversaires, culinaire et autres\u00a0 ainsi je me ferai un plaisir de vous r\u00e9pondre rapidement. Enfin, je prendrai contact avec vous pour finaliser votre demande et amener au mieux votre projet.","robots":{"index":"index","follow":"follow","max-snippet":"max-snippet:-1","max-image-preview":"max-image-preview:large","max-video-preview":"max-video-preview:-1"},"canonical":"https:\/\/www.olivierdarock.com\/photography\/contact\/","og_locale":"fr_FR","og_type":"article","og_title":"Contact - Photographe Montpellier - Entreprise - \u00c9v\u00e8nements - Shooting","og_description":"Contact - N'h\u00e9sitez pas \u00e0 me contacter pour vos \u00e9v\u00e8nements, photos d'entreprise, mariages, anniversaires, culinaire et autres\u00a0 ainsi je me ferai un plaisir de vous r\u00e9pondre rapidement. Enfin, je prendrai contact avec vous pour finaliser votre demande et amener au mieux votre projet.","og_url":"https:\/\/www.olivierdarock.com\/photography\/contact\/","og_site_name":"Photographe \/ Graphiste Freelance Montpellier","article_publisher":"http:\/\/www.facebook.com\/olivierdarockphotography","article_modified_time":"2018-12-29T11:15:59+00:00","og_image":[{"width":1200,"height":801,"url":"https:\/\/www.olivierdarock.com\/photography\/wp-content\/uploads\/2017\/12\/Mariage-Marion-Mathieu-Mauguio2.jpg","type":"image\/jpeg"}],"twitter_card":"summary_large_image","twitter_misc":{"Dur\u00e9e de lecture estim\u00e9e":"2 minutes"},"schema":{"@context":"https:\/\/schema.org","@graph":[{"@type":"WebPage","@id":"https:\/\/www.olivierdarock.com\/photography\/contact\/","url":"https:\/\/www.olivierdarock.com\/photography\/contact\/","name":"Contact - Photographe Montpellier - Entreprise - \u00c9v\u00e8nements - Shooting","isPartOf":{"@id":"https:\/\/www.olivierdarock.com\/photography\/#website"},"datePublished":"2017-09-20T11:51:56+00:00","dateModified":"2018-12-29T11:15:59+00:00","description":"Contact - N'h\u00e9sitez pas \u00e0 me contacter pour vos \u00e9v\u00e8nements, photos d'entreprise, mariages, anniversaires, culinaire et autres\u00a0 ainsi je me ferai un plaisir de vous r\u00e9pondre rapidement. Enfin, je prendrai contact avec vous pour finaliser votre demande et amener au mieux votre projet.","breadcrumb":{"@id":"https:\/\/www.olivierdarock.com\/photography\/contact\/#breadcrumb"},"inLanguage":"fr-FR","potentialAction":[{"@type":"ReadAction","target":["https:\/\/www.olivierdarock.com\/photography\/contact\/"]}]},{"@type":"BreadcrumbList","@id":"https:\/\/www.olivierdarock.com\/photography\/contact\/#breadcrumb","itemListElement":[{"@type":"ListItem","position":1,"name":"Accueil","item":"https:\/\/www.olivierdarock.com\/photography\/"},{"@type":"ListItem","position":2,"name":"Contact"}]},{"@type":"WebSite","@id":"https:\/\/www.olivierdarock.com\/photography\/#website","url":"https:\/\/www.olivierdarock.com\/photography\/","name":"Photographe \/ Graphiste Freelance Montpellier","description":"Photographe \/ Graphiste Freelance Montpellier","potentialAction":[{"@type":"SearchAction","target":{"@type":"EntryPoint","urlTemplate":"https:\/\/www.olivierdarock.com\/photography\/?s={search_term_string}"},"query-input":"required name=search_term_string"}],"inLanguage":"fr-FR"}]}},"amp_enabled":false,"_links":{"self":[{"href":"https:\/\/www.olivierdarock.com\/photography\/wp-json\/wp\/v2\/pages\/753","targetHints":{"allow":["GET"]}}],"collection":[{"href":"https:\/\/www.olivierdarock.com\/photography\/wp-json\/wp\/v2\/pages"}],"about":[{"href":"https:\/\/www.olivierdarock.com\/photography\/wp-json\/wp\/v2\/types\/page"}],"author":[{"embeddable":true,"href":"https:\/\/www.olivierdarock.com\/photography\/wp-json\/wp\/v2\/users\/1"}],"replies":[{"embeddable":true,"href":"https:\/\/www.olivierdarock.com\/photography\/wp-json\/wp\/v2\/comments?post=753"}],"version-history":[{"count":4,"href":"https:\/\/www.olivierdarock.com\/photography\/wp-json\/wp\/v2\/pages\/753\/revisions"}],"predecessor-version":[{"id":5237,"href":"https:\/\/www.olivierdarock.com\/photography\/wp-json\/wp\/v2\/pages\/753\/revisions\/5237"}],"wp:featuredmedia":[{"embeddable":true,"href":"https:\/\/www.olivierdarock.com\/photography\/wp-json\/wp\/v2\/media\/4138"}],"wp:attachment":[{"href":"https:\/\/www.olivierdarock.com\/photography\/wp-json\/wp\/v2\/media?parent=753"}],"curies":[{"name":"wp","href":"https:\/\/api.w.org\/{rel}","templated":true}]}}