{"id":4912,"date":"2018-05-10T06:54:53","date_gmt":"2018-05-10T06:54:53","guid":{"rendered":"http:\/\/www.olivierdarock.com\/photography\/?page_id=4912"},"modified":"2020-01-06T11:55:39","modified_gmt":"2020-01-06T10:55:39","slug":"tarifs-photos-grossesse-naissance","status":"publish","type":"page","link":"https:\/\/www.olivierdarock.com\/photography\/tarifs-photos-grossesse-naissance\/","title":{"rendered":"Tarifs photos grossesse naissance"},"content":{"rendered":"<p>[vc_row][vc_column][vc_single_image image=\u00a0\u00bb5163&Prime; img_size=\u00a0\u00bbfull\u00a0\u00bb alignment=\u00a0\u00bbcenter\u00a0\u00bb][vc_cta h2=\u00a0\u00bbCARTE CADEAU\u00a0\u00bb h4=\u00a0\u00bbUne id\u00e9e originale de cadeau&#8230;\u00a0\u00bb style=\u00a0\u00bb3d\u00a0\u00bb add_button=\u00a0\u00bbleft\u00a0\u00bb btn_title=\u00a0\u00bbCommander\u00a0\u00bb btn_color=\u00a0\u00bborange\u00a0\u00bb css_animation=\u00a0\u00bbslideInUp\u00a0\u00bb btn_link=\u00a0\u00bburl:https%3A%2F%2Fwww.olivierdarock.com%2Fphotography%2Fcarte-cadeau-seance-photos%2F|||\u00a0\u00bb]<\/p>\n<p class=\"p1\">Quel que soit la formule choisie, mes\u00a0cartes cadeaux de valeur \u00e9quivalente restent interchangeables.<\/p>\n<p>[\/vc_cta][\/vc_column][\/vc_row][vc_row][vc_column]     \r\n        <div class=\"sec-color\">\r\n        \t<div class=\"row\">\r\n        \t\t\t<div class=\"pricing-table-container\">\r\n\t    <div class=\"pricing-style5 pricing-animation-yes\">\r\n\t\t\t<div class=\"col-md-6 col-sm-6\">\r\n\t\t\t\t<div class=\"tc-animation-hover\">\t\r\n\t\t\t\t\t<div class=\"pricing-plan  \">\r\n\r\n\t\t\t\t\t\t<!-- BootPlan Style 1 Start -->\r\n\t\t\t\t\t\t\t\t\t         <!-- BootPlan Style 1 End -->\r\n\r\n\t\t\t         <!-- BootPlan Style 2 Start -->\r\n\t\t\t        \t\t\t\t         <!-- BootPlan Style 2 End -->\r\n\r\n\r\n\t\t\t         <!-- BootPlan Style 3 Start -->\r\n\t\t\t        \t\r\n\t\t\t         <!-- BootPlan Style 3 End -->\r\n\r\n\t\t\t         <!-- BootPlan Style 4 Start -->\r\n\t\t\t        \t\t\t\t\t            <div class=\"pricing-head\">\r\n\t\t\t\t                <div class=\"name\">\r\n\t\t\t\t                    Grossesse\t\t\t\t                <\/div>\r\n\t\t\t\t                <div class=\"price\">\r\n\t\t\t\t                    <span class=\"value\">\r\n\t\t\t\t                        <sup>\u20ac<\/sup>149\t\t\t\t                    <\/span>\r\n\t\t\t\t                    <span class=\"duration\">\r\n\t\t\t\t                        \/ \t\t\t\t                    <\/span>\r\n\t\t\t\t                <\/div>\r\n\t\t\t\t                \t\t\t\t            <\/div>\r\n\t\t\t\t            <div class=\"pricing-body\">\r\n\t\t\t\t                <\/p>\n<ul>\n<li class=\"p1\">\n<p class=\"p1\"><strong>S\u00e9ance de 2h.<\/strong><\/p>\n<\/li>\n<li class=\"p1\">\n<p class=\"p1\">D\u00e9placement \u00e0 votre domicile ou lieux aux environs de 25 km (au del\u00e0 me contacter)<\/p>\n<\/li>\n<li class=\"p1\">\n<p class=\"p1\">Travail de retouches : luminosit\u00e9, colorim\u00e9trie, noir et blanc<\/p>\n<\/li>\n<li class=\"p1\">\n<p class=\"p1\">Fourniture de 40 photos HD<\/p>\n<\/li>\n<li class=\"p1\">\n<p class=\"p1\">Option album<\/p>\n<\/li>\n<\/ul>\n<p>\t\t\t\t            <\/div>\r\n\t\t\t\t            <div class=\"pricing-footer\">\r\n\t\t\t\t            \t\t\t\t\t                \t\t<a href=\"http:\/\/www.olivierdarock.com\/photography\/contact\/\" class=\"p-button\" target=\"_self\" >\r\n\t\t\t\t                \t\t\tCommander\t\t\t\t                \t\t<\/a>\r\n\t\t\t\t                \t\t\t\t            <\/div>\r\n\t\t\t            \r\n\t\t\t         <!-- BootPlan Style 4 End -->\r\n\t\t\t        <\/div>\r\n\t\t        <\/div>\r\n\t\t    <\/div>\r\n\t\t<\/div>\r\n\t<\/div>\r\n\r\n\r\n\r\n        \t<\/div>\r\n        <\/div>\r\n\r\n        [\/vc_column][\/vc_row]<\/p>\n","protected":false},"excerpt":{"rendered":"<p>[vc_row][vc_column][vc_single_image image=\u00a0\u00bb5163&Prime; img_size=\u00a0\u00bbfull\u00a0\u00bb alignment=\u00a0\u00bbcenter\u00a0\u00bb][vc_cta h2=\u00a0\u00bbCARTE CADEAU\u00a0\u00bb h4=\u00a0\u00bbUne id\u00e9e originale de cadeau&#8230;\u00a0\u00bb style=\u00a0\u00bb3d\u00a0\u00bb add_button=\u00a0\u00bbleft\u00a0\u00bb btn_title=\u00a0\u00bbCommander\u00a0\u00bb btn_color=\u00a0\u00bborange\u00a0\u00bb css_animation=\u00a0\u00bbslideInUp\u00a0\u00bb btn_link=\u00a0\u00bburl:https%3A%2F%2Fwww.olivierdarock.com%2Fphotography%2Fcarte-cadeau-seance-photos%2F|||\u00a0\u00bb] Quel que soit la formule choisie, mes\u00a0cartes cadeaux de valeur \u00e9quivalente restent interchangeables. [\/vc_cta][\/vc_column][\/vc_row][vc_row][vc_column][\/vc_column][\/vc_row]<\/p>\n","protected":false},"author":1,"featured_media":4692,"parent":0,"menu_order":0,"comment_status":"closed","ping_status":"closed","template":"template-fullwidth.php","meta":{"footnotes":""},"class_list":["post-4912","page","type-page","status-publish","has-post-thumbnail","hentry"],"acf":[],"yoast_head":"<!-- This site is optimized with the Yoast SEO plugin v20.2.1 - https:\/\/yoast.com\/wordpress\/plugins\/seo\/ -->\n<title>Tarifs photos grossesse naissance - Photographe \/ Graphiste Freelance Montpellier<\/title>\n<meta name=\"robots\" content=\"index, follow, max-snippet:-1, max-image-preview:large, max-video-preview:-1\" \/>\n<link rel=\"canonical\" href=\"https:\/\/www.olivierdarock.com\/photography\/tarifs-photos-grossesse-naissance\/\" \/>\n<meta property=\"og:locale\" content=\"fr_FR\" \/>\n<meta property=\"og:type\" content=\"article\" \/>\n<meta property=\"og:title\" content=\"Tarifs photos grossesse naissance - Photographe \/ Graphiste Freelance Montpellier\" \/>\n<meta property=\"og:description\" content=\"[vc_row][vc_column][vc_single_image image=\u00a0\u00bb5163&Prime; img_size=\u00a0\u00bbfull\u00a0\u00bb alignment=\u00a0\u00bbcenter\u00a0\u00bb][vc_cta h2=\u00a0\u00bbCARTE CADEAU\u00a0\u00bb h4=\u00a0\u00bbUne id\u00e9e originale de cadeau&#8230;\u00a0\u00bb style=\u00a0\u00bb3d\u00a0\u00bb add_button=\u00a0\u00bbleft\u00a0\u00bb btn_title=\u00a0\u00bbCommander\u00a0\u00bb btn_color=\u00a0\u00bborange\u00a0\u00bb css_animation=\u00a0\u00bbslideInUp\u00a0\u00bb btn_link=\u00a0\u00bburl:https%3A%2F%2Fwww.olivierdarock.com%2Fphotography%2Fcarte-cadeau-seance-photos%2F|||\u00a0\u00bb] Quel que soit la formule choisie, mes\u00a0cartes cadeaux de valeur \u00e9quivalente restent interchangeables. [\/vc_cta][\/vc_column][\/vc_row][vc_row][vc_column][\/vc_column][\/vc_row]\" \/>\n<meta property=\"og:url\" content=\"https:\/\/www.olivierdarock.com\/photography\/tarifs-photos-grossesse-naissance\/\" \/>\n<meta property=\"og:site_name\" content=\"Photographe \/ Graphiste Freelance Montpellier\" \/>\n<meta property=\"article:publisher\" content=\"http:\/\/www.facebook.com\/olivierdarockphotography\" \/>\n<meta property=\"article:modified_time\" content=\"2020-01-06T10:55:39+00:00\" \/>\n<meta property=\"og:image\" content=\"https:\/\/www.olivierdarock.com\/photography\/wp-content\/uploads\/2018\/05\/shooting-grossesse-noir-blanc.jpg\" \/>\n\t<meta property=\"og:image:width\" content=\"1200\" \/>\n\t<meta property=\"og:image:height\" content=\"801\" \/>\n\t<meta property=\"og:image:type\" content=\"image\/jpeg\" \/>\n<meta name=\"twitter:card\" content=\"summary_large_image\" \/>\n<meta name=\"twitter:label1\" content=\"Dur\u00e9e de lecture estim\u00e9e\" \/>\n\t<meta name=\"twitter:data1\" content=\"1 minute\" \/>\n<script type=\"application\/ld+json\" class=\"yoast-schema-graph\">{\"@context\":\"https:\/\/schema.org\",\"@graph\":[{\"@type\":\"WebPage\",\"@id\":\"https:\/\/www.olivierdarock.com\/photography\/tarifs-photos-grossesse-naissance\/\",\"url\":\"https:\/\/www.olivierdarock.com\/photography\/tarifs-photos-grossesse-naissance\/\",\"name\":\"Tarifs photos grossesse naissance - Photographe \/ Graphiste Freelance Montpellier\",\"isPartOf\":{\"@id\":\"https:\/\/www.olivierdarock.com\/photography\/#website\"},\"datePublished\":\"2018-05-10T06:54:53+00:00\",\"dateModified\":\"2020-01-06T10:55:39+00:00\",\"breadcrumb\":{\"@id\":\"https:\/\/www.olivierdarock.com\/photography\/tarifs-photos-grossesse-naissance\/#breadcrumb\"},\"inLanguage\":\"fr-FR\",\"potentialAction\":[{\"@type\":\"ReadAction\",\"target\":[\"https:\/\/www.olivierdarock.com\/photography\/tarifs-photos-grossesse-naissance\/\"]}]},{\"@type\":\"BreadcrumbList\",\"@id\":\"https:\/\/www.olivierdarock.com\/photography\/tarifs-photos-grossesse-naissance\/#breadcrumb\",\"itemListElement\":[{\"@type\":\"ListItem\",\"position\":1,\"name\":\"Accueil\",\"item\":\"https:\/\/www.olivierdarock.com\/photography\/\"},{\"@type\":\"ListItem\",\"position\":2,\"name\":\"Tarifs photos grossesse naissance\"}]},{\"@type\":\"WebSite\",\"@id\":\"https:\/\/www.olivierdarock.com\/photography\/#website\",\"url\":\"https:\/\/www.olivierdarock.com\/photography\/\",\"name\":\"Photographe \/ Graphiste Freelance Montpellier\",\"description\":\"Photographe \/ Graphiste Freelance Montpellier\",\"potentialAction\":[{\"@type\":\"SearchAction\",\"target\":{\"@type\":\"EntryPoint\",\"urlTemplate\":\"https:\/\/www.olivierdarock.com\/photography\/?s={search_term_string}\"},\"query-input\":\"required name=search_term_string\"}],\"inLanguage\":\"fr-FR\"}]}<\/script>\n<!-- \/ Yoast SEO plugin. -->","yoast_head_json":{"title":"Tarifs photos grossesse naissance - Photographe \/ Graphiste Freelance Montpellier","robots":{"index":"index","follow":"follow","max-snippet":"max-snippet:-1","max-image-preview":"max-image-preview:large","max-video-preview":"max-video-preview:-1"},"canonical":"https:\/\/www.olivierdarock.com\/photography\/tarifs-photos-grossesse-naissance\/","og_locale":"fr_FR","og_type":"article","og_title":"Tarifs photos grossesse naissance - Photographe \/ Graphiste Freelance Montpellier","og_description":"[vc_row][vc_column][vc_single_image image=\u00a0\u00bb5163&Prime; img_size=\u00a0\u00bbfull\u00a0\u00bb alignment=\u00a0\u00bbcenter\u00a0\u00bb][vc_cta h2=\u00a0\u00bbCARTE CADEAU\u00a0\u00bb h4=\u00a0\u00bbUne id\u00e9e originale de cadeau&#8230;\u00a0\u00bb style=\u00a0\u00bb3d\u00a0\u00bb add_button=\u00a0\u00bbleft\u00a0\u00bb btn_title=\u00a0\u00bbCommander\u00a0\u00bb btn_color=\u00a0\u00bborange\u00a0\u00bb css_animation=\u00a0\u00bbslideInUp\u00a0\u00bb btn_link=\u00a0\u00bburl:https%3A%2F%2Fwww.olivierdarock.com%2Fphotography%2Fcarte-cadeau-seance-photos%2F|||\u00a0\u00bb] Quel que soit la formule choisie, mes\u00a0cartes cadeaux de valeur \u00e9quivalente restent interchangeables. [\/vc_cta][\/vc_column][\/vc_row][vc_row][vc_column][\/vc_column][\/vc_row]","og_url":"https:\/\/www.olivierdarock.com\/photography\/tarifs-photos-grossesse-naissance\/","og_site_name":"Photographe \/ Graphiste Freelance Montpellier","article_publisher":"http:\/\/www.facebook.com\/olivierdarockphotography","article_modified_time":"2020-01-06T10:55:39+00:00","og_image":[{"width":1200,"height":801,"url":"https:\/\/www.olivierdarock.com\/photography\/wp-content\/uploads\/2018\/05\/shooting-grossesse-noir-blanc.jpg","type":"image\/jpeg"}],"twitter_card":"summary_large_image","twitter_misc":{"Dur\u00e9e de lecture estim\u00e9e":"1 minute"},"schema":{"@context":"https:\/\/schema.org","@graph":[{"@type":"WebPage","@id":"https:\/\/www.olivierdarock.com\/photography\/tarifs-photos-grossesse-naissance\/","url":"https:\/\/www.olivierdarock.com\/photography\/tarifs-photos-grossesse-naissance\/","name":"Tarifs photos grossesse naissance - Photographe \/ Graphiste Freelance Montpellier","isPartOf":{"@id":"https:\/\/www.olivierdarock.com\/photography\/#website"},"datePublished":"2018-05-10T06:54:53+00:00","dateModified":"2020-01-06T10:55:39+00:00","breadcrumb":{"@id":"https:\/\/www.olivierdarock.com\/photography\/tarifs-photos-grossesse-naissance\/#breadcrumb"},"inLanguage":"fr-FR","potentialAction":[{"@type":"ReadAction","target":["https:\/\/www.olivierdarock.com\/photography\/tarifs-photos-grossesse-naissance\/"]}]},{"@type":"BreadcrumbList","@id":"https:\/\/www.olivierdarock.com\/photography\/tarifs-photos-grossesse-naissance\/#breadcrumb","itemListElement":[{"@type":"ListItem","position":1,"name":"Accueil","item":"https:\/\/www.olivierdarock.com\/photography\/"},{"@type":"ListItem","position":2,"name":"Tarifs photos grossesse naissance"}]},{"@type":"WebSite","@id":"https:\/\/www.olivierdarock.com\/photography\/#website","url":"https:\/\/www.olivierdarock.com\/photography\/","name":"Photographe \/ Graphiste Freelance Montpellier","description":"Photographe \/ Graphiste Freelance Montpellier","potentialAction":[{"@type":"SearchAction","target":{"@type":"EntryPoint","urlTemplate":"https:\/\/www.olivierdarock.com\/photography\/?s={search_term_string}"},"query-input":"required name=search_term_string"}],"inLanguage":"fr-FR"}]}},"amp_enabled":false,"_links":{"self":[{"href":"https:\/\/www.olivierdarock.com\/photography\/wp-json\/wp\/v2\/pages\/4912","targetHints":{"allow":["GET"]}}],"collection":[{"href":"https:\/\/www.olivierdarock.com\/photography\/wp-json\/wp\/v2\/pages"}],"about":[{"href":"https:\/\/www.olivierdarock.com\/photography\/wp-json\/wp\/v2\/types\/page"}],"author":[{"embeddable":true,"href":"https:\/\/www.olivierdarock.com\/photography\/wp-json\/wp\/v2\/users\/1"}],"replies":[{"embeddable":true,"href":"https:\/\/www.olivierdarock.com\/photography\/wp-json\/wp\/v2\/comments?post=4912"}],"version-history":[{"count":13,"href":"https:\/\/www.olivierdarock.com\/photography\/wp-json\/wp\/v2\/pages\/4912\/revisions"}],"predecessor-version":[{"id":5252,"href":"https:\/\/www.olivierdarock.com\/photography\/wp-json\/wp\/v2\/pages\/4912\/revisions\/5252"}],"wp:featuredmedia":[{"embeddable":true,"href":"https:\/\/www.olivierdarock.com\/photography\/wp-json\/wp\/v2\/media\/4692"}],"wp:attachment":[{"href":"https:\/\/www.olivierdarock.com\/photography\/wp-json\/wp\/v2\/media?parent=4912"}],"curies":[{"name":"wp","href":"https:\/\/api.w.org\/{rel}","templated":true}]}}