{"id":4679,"date":"2018-05-04T14:16:46","date_gmt":"2018-05-04T14:16:46","guid":{"rendered":"http:\/\/www.olivierdarock.com\/photography\/?page_id=4679"},"modified":"2018-05-08T08:49:30","modified_gmt":"2018-05-08T08:49:30","slug":"photographe-celebrites","status":"publish","type":"page","link":"https:\/\/www.olivierdarock.com\/photography\/photographe-celebrites\/","title":{"rendered":"Photographe c\u00e9l\u00e9brit\u00e9s"},"content":{"rendered":"<p>[vc_row][vc_column][vc_masonry_media_grid style=\u00a0\u00bblazy\u00a0\u00bb grid_id=\u00a0\u00bbvc_gid:1525769315177-f15535f6-86dc-7&Prime; include=\u00a0\u00bb1039,4563,4568,4340,4342,4565,4569,4566,1057,4341,4570,4571,4567,4623,4580&Prime;][\/vc_column][\/vc_row]<\/p>\n","protected":false},"excerpt":{"rendered":"<p>[vc_row][vc_column][vc_masonry_media_grid style=\u00a0\u00bblazy\u00a0\u00bb grid_id=\u00a0\u00bbvc_gid:1525769315177-f15535f6-86dc-7&Prime; include=\u00a0\u00bb1039,4563,4568,4340,4342,4565,4569,4566,1057,4341,4570,4571,4567,4623,4580&Prime;][\/vc_column][\/vc_row]<\/p>\n","protected":false},"author":1,"featured_media":0,"parent":0,"menu_order":0,"comment_status":"closed","ping_status":"closed","template":"template-fullwidth.php","meta":{"footnotes":""},"class_list":["post-4679","page","type-page","status-publish","hentry"],"acf":[],"yoast_head":"<!-- This site is optimized with the Yoast SEO plugin v20.2.1 - https:\/\/yoast.com\/wordpress\/plugins\/seo\/ -->\n<title>Photographe c\u00e9l\u00e9brit\u00e9s - Photographe \/ Graphiste Freelance Montpellier<\/title>\n<meta name=\"robots\" content=\"index, follow, max-snippet:-1, max-image-preview:large, max-video-preview:-1\" \/>\n<link rel=\"canonical\" href=\"https:\/\/www.olivierdarock.com\/photography\/photographe-celebrites\/\" \/>\n<meta property=\"og:locale\" content=\"fr_FR\" \/>\n<meta property=\"og:type\" content=\"article\" \/>\n<meta property=\"og:title\" content=\"Photographe c\u00e9l\u00e9brit\u00e9s - Photographe \/ Graphiste Freelance Montpellier\" \/>\n<meta property=\"og:description\" content=\"[vc_row][vc_column][vc_masonry_media_grid style=\u00a0\u00bblazy\u00a0\u00bb grid_id=\u00a0\u00bbvc_gid:1525769315177-f15535f6-86dc-7&Prime; include=\u00a0\u00bb1039,4563,4568,4340,4342,4565,4569,4566,1057,4341,4570,4571,4567,4623,4580&Prime;][\/vc_column][\/vc_row]\" \/>\n<meta property=\"og:url\" content=\"https:\/\/www.olivierdarock.com\/photography\/photographe-celebrites\/\" \/>\n<meta property=\"og:site_name\" content=\"Photographe \/ Graphiste Freelance Montpellier\" \/>\n<meta property=\"article:publisher\" content=\"http:\/\/www.facebook.com\/olivierdarockphotography\" \/>\n<meta property=\"article:modified_time\" content=\"2018-05-08T08:49:30+00:00\" \/>\n<meta property=\"og:image\" content=\"https:\/\/www.olivierdarock.com\/photography\/wp-content\/uploads\/2018\/09\/mariage-aurelie-christophe-mairie-eglise-villeneuve-les-maguelone.jpg\" \/>\n\t<meta property=\"og:image:width\" content=\"2000\" \/>\n\t<meta property=\"og:image:height\" content=\"1335\" \/>\n\t<meta property=\"og:image:type\" content=\"image\/jpeg\" \/>\n<meta name=\"twitter:card\" content=\"summary_large_image\" \/>\n<script type=\"application\/ld+json\" class=\"yoast-schema-graph\">{\"@context\":\"https:\/\/schema.org\",\"@graph\":[{\"@type\":\"WebPage\",\"@id\":\"https:\/\/www.olivierdarock.com\/photography\/photographe-celebrites\/\",\"url\":\"https:\/\/www.olivierdarock.com\/photography\/photographe-celebrites\/\",\"name\":\"Photographe c\u00e9l\u00e9brit\u00e9s - Photographe \/ Graphiste Freelance Montpellier\",\"isPartOf\":{\"@id\":\"https:\/\/www.olivierdarock.com\/photography\/#website\"},\"datePublished\":\"2018-05-04T14:16:46+00:00\",\"dateModified\":\"2018-05-08T08:49:30+00:00\",\"breadcrumb\":{\"@id\":\"https:\/\/www.olivierdarock.com\/photography\/photographe-celebrites\/#breadcrumb\"},\"inLanguage\":\"fr-FR\",\"potentialAction\":[{\"@type\":\"ReadAction\",\"target\":[\"https:\/\/www.olivierdarock.com\/photography\/photographe-celebrites\/\"]}]},{\"@type\":\"BreadcrumbList\",\"@id\":\"https:\/\/www.olivierdarock.com\/photography\/photographe-celebrites\/#breadcrumb\",\"itemListElement\":[{\"@type\":\"ListItem\",\"position\":1,\"name\":\"Accueil\",\"item\":\"https:\/\/www.olivierdarock.com\/photography\/\"},{\"@type\":\"ListItem\",\"position\":2,\"name\":\"Photographe c\u00e9l\u00e9brit\u00e9s\"}]},{\"@type\":\"WebSite\",\"@id\":\"https:\/\/www.olivierdarock.com\/photography\/#website\",\"url\":\"https:\/\/www.olivierdarock.com\/photography\/\",\"name\":\"Photographe \/ Graphiste Freelance Montpellier\",\"description\":\"Photographe \/ Graphiste Freelance Montpellier\",\"potentialAction\":[{\"@type\":\"SearchAction\",\"target\":{\"@type\":\"EntryPoint\",\"urlTemplate\":\"https:\/\/www.olivierdarock.com\/photography\/?s={search_term_string}\"},\"query-input\":\"required name=search_term_string\"}],\"inLanguage\":\"fr-FR\"}]}<\/script>\n<!-- \/ Yoast SEO plugin. -->","yoast_head_json":{"title":"Photographe c\u00e9l\u00e9brit\u00e9s - Photographe \/ Graphiste Freelance Montpellier","robots":{"index":"index","follow":"follow","max-snippet":"max-snippet:-1","max-image-preview":"max-image-preview:large","max-video-preview":"max-video-preview:-1"},"canonical":"https:\/\/www.olivierdarock.com\/photography\/photographe-celebrites\/","og_locale":"fr_FR","og_type":"article","og_title":"Photographe c\u00e9l\u00e9brit\u00e9s - Photographe \/ Graphiste Freelance Montpellier","og_description":"[vc_row][vc_column][vc_masonry_media_grid style=\u00a0\u00bblazy\u00a0\u00bb grid_id=\u00a0\u00bbvc_gid:1525769315177-f15535f6-86dc-7&Prime; include=\u00a0\u00bb1039,4563,4568,4340,4342,4565,4569,4566,1057,4341,4570,4571,4567,4623,4580&Prime;][\/vc_column][\/vc_row]","og_url":"https:\/\/www.olivierdarock.com\/photography\/photographe-celebrites\/","og_site_name":"Photographe \/ Graphiste Freelance Montpellier","article_publisher":"http:\/\/www.facebook.com\/olivierdarockphotography","article_modified_time":"2018-05-08T08:49:30+00:00","og_image":[{"width":2000,"height":1335,"url":"https:\/\/www.olivierdarock.com\/photography\/wp-content\/uploads\/2018\/09\/mariage-aurelie-christophe-mairie-eglise-villeneuve-les-maguelone.jpg","type":"image\/jpeg"}],"twitter_card":"summary_large_image","schema":{"@context":"https:\/\/schema.org","@graph":[{"@type":"WebPage","@id":"https:\/\/www.olivierdarock.com\/photography\/photographe-celebrites\/","url":"https:\/\/www.olivierdarock.com\/photography\/photographe-celebrites\/","name":"Photographe c\u00e9l\u00e9brit\u00e9s - Photographe \/ Graphiste Freelance Montpellier","isPartOf":{"@id":"https:\/\/www.olivierdarock.com\/photography\/#website"},"datePublished":"2018-05-04T14:16:46+00:00","dateModified":"2018-05-08T08:49:30+00:00","breadcrumb":{"@id":"https:\/\/www.olivierdarock.com\/photography\/photographe-celebrites\/#breadcrumb"},"inLanguage":"fr-FR","potentialAction":[{"@type":"ReadAction","target":["https:\/\/www.olivierdarock.com\/photography\/photographe-celebrites\/"]}]},{"@type":"BreadcrumbList","@id":"https:\/\/www.olivierdarock.com\/photography\/photographe-celebrites\/#breadcrumb","itemListElement":[{"@type":"ListItem","position":1,"name":"Accueil","item":"https:\/\/www.olivierdarock.com\/photography\/"},{"@type":"ListItem","position":2,"name":"Photographe c\u00e9l\u00e9brit\u00e9s"}]},{"@type":"WebSite","@id":"https:\/\/www.olivierdarock.com\/photography\/#website","url":"https:\/\/www.olivierdarock.com\/photography\/","name":"Photographe \/ Graphiste Freelance Montpellier","description":"Photographe \/ Graphiste Freelance Montpellier","potentialAction":[{"@type":"SearchAction","target":{"@type":"EntryPoint","urlTemplate":"https:\/\/www.olivierdarock.com\/photography\/?s={search_term_string}"},"query-input":"required name=search_term_string"}],"inLanguage":"fr-FR"}]}},"amp_enabled":false,"_links":{"self":[{"href":"https:\/\/www.olivierdarock.com\/photography\/wp-json\/wp\/v2\/pages\/4679","targetHints":{"allow":["GET"]}}],"collection":[{"href":"https:\/\/www.olivierdarock.com\/photography\/wp-json\/wp\/v2\/pages"}],"about":[{"href":"https:\/\/www.olivierdarock.com\/photography\/wp-json\/wp\/v2\/types\/page"}],"author":[{"embeddable":true,"href":"https:\/\/www.olivierdarock.com\/photography\/wp-json\/wp\/v2\/users\/1"}],"replies":[{"embeddable":true,"href":"https:\/\/www.olivierdarock.com\/photography\/wp-json\/wp\/v2\/comments?post=4679"}],"version-history":[{"count":0,"href":"https:\/\/www.olivierdarock.com\/photography\/wp-json\/wp\/v2\/pages\/4679\/revisions"}],"wp:attachment":[{"href":"https:\/\/www.olivierdarock.com\/photography\/wp-json\/wp\/v2\/media?parent=4679"}],"curies":[{"name":"wp","href":"https:\/\/api.w.org\/{rel}","templated":true}]}}