{"id":4215,"date":"2017-12-26T10:18:11","date_gmt":"2017-12-26T10:18:11","guid":{"rendered":"http:\/\/www.olivierdarock.com\/photography\/?page_id=4215"},"modified":"2020-01-07T12:38:18","modified_gmt":"2020-01-07T11:38:18","slug":"photographe-humanitaire","status":"publish","type":"page","link":"https:\/\/www.olivierdarock.com\/photography\/photographe-humanitaire\/","title":{"rendered":"Photographe-humanitaire-montpellier-reportage"},"content":{"rendered":"<p>[vc_row][vc_column css=\u00a0\u00bb.vc_custom_1514286242010{margin-top: 20px !important;}\u00a0\u00bb][vc_column_text]Apr\u00e8s une premi\u00e8re exp\u00e9rience dans un centre d\u2019aide au soutien scolaire en mission humanitaire \u00e0\u00a0<strong>Madagascar<\/strong>\u00a0en mars 2017 et une seconde au\u00a0<strong>Vietnam <\/strong>en octobre 2017, je souhaite \u00e0 chaque voyage vous faire partager ce que je vois, ce que je ressens \u00e0 travers des <a href=\"https:\/\/www.olivierdarock.com\/photography\/portfolio\/\">reportages photos<\/a> au c\u0153ur des populations locales. Le partage est avant tout, pour moi, ma premi\u00e8re source d\u2019inspiration. Partager des sourires, des rires, toutes ces choses qui sont finalement universelles et si simples \u00e0 transmettre\u2026[\/vc_column_text][vc_masonry_media_grid style=\u00a0\u00bblazy\u00a0\u00bb item=\u00a0\u00bbmasonryMedia_SlideTop\u00a0\u00bb initial_loading_animation=\u00a0\u00bbfadeIn\u00a0\u00bb grid_id=\u00a0\u00bbvc_gid:1578396553283-7847ad11-8e80-7&Prime; include=\u00a0\u00bb5255,5256,5257,5258,5259,5260,5261,5262,5263,5264,4225,4227,4226,4246,4230,4259,4232,4233,4262,4247,4266,4248,4261,4245,4251,4250,4249,4258,4253,4269,4270,4267,4268,4263,4235,4236,4252,4234,4228,4260,4241,4240,4242,4243,4229,4244,4231,4237,4264,4265,4271,4272,4223,4219,4220,4222,4221,4217,4218,4216&Prime;][\/vc_column][\/vc_row]<\/p>\n","protected":false},"excerpt":{"rendered":"<p>[vc_row][vc_column css=\u00a0\u00bb.vc_custom_1514286242010{margin-top: 20px !important;}\u00a0\u00bb][vc_column_text]Apr\u00e8s une premi\u00e8re exp\u00e9rience dans un centre d\u2019aide au soutien scolaire en mission humanitaire \u00e0\u00a0Madagascar\u00a0en mars 2017 et une seconde au\u00a0Vietnam en octobre 2017, je souhaite \u00e0 chaque voyage vous faire partager ce que je vois, ce que je ressens \u00e0 travers des reportages photos au c\u0153ur des populations locales. Le partage [&hellip;]<\/p>\n","protected":false},"author":1,"featured_media":4225,"parent":0,"menu_order":0,"comment_status":"closed","ping_status":"closed","template":"template-fullwidth.php","meta":{"footnotes":""},"class_list":["post-4215","page","type-page","status-publish","has-post-thumbnail","hentry"],"acf":[],"yoast_head":"<!-- This site is optimized with the Yoast SEO plugin v20.2.1 - https:\/\/yoast.com\/wordpress\/plugins\/seo\/ -->\n<title>Photographe Humanitaire - voyage - photos - Olivier Darock<\/title>\n<meta name=\"description\" content=\"Photographe humanitaire. D\u00e9couvrez mes voyages humanitaires \u00e0 travers des reportages photos en plein coeur des populations locales...\" \/>\n<meta name=\"robots\" content=\"index, follow, max-snippet:-1, max-image-preview:large, max-video-preview:-1\" \/>\n<link rel=\"canonical\" href=\"https:\/\/www.olivierdarock.com\/photography\/photographe-humanitaire\/\" \/>\n<meta property=\"og:locale\" content=\"fr_FR\" \/>\n<meta property=\"og:type\" content=\"article\" \/>\n<meta property=\"og:title\" content=\"Photographe Humanitaire - voyage - photos - Olivier Darock\" \/>\n<meta property=\"og:description\" content=\"Photographe humanitaire. D\u00e9couvrez mes voyages humanitaires \u00e0 travers des reportages photos en plein coeur des populations locales...\" \/>\n<meta property=\"og:url\" content=\"https:\/\/www.olivierdarock.com\/photography\/photographe-humanitaire\/\" \/>\n<meta property=\"og:site_name\" content=\"Photographe \/ Graphiste Freelance Montpellier\" \/>\n<meta property=\"article:publisher\" content=\"http:\/\/www.facebook.com\/olivierdarockphotography\" \/>\n<meta property=\"article:modified_time\" content=\"2020-01-07T11:38:18+00:00\" \/>\n<meta property=\"og:image\" content=\"https:\/\/www.olivierdarock.com\/photography\/wp-content\/uploads\/2017\/12\/DSC_5021.jpg\" \/>\n\t<meta property=\"og:image:width\" content=\"1200\" \/>\n\t<meta property=\"og:image:height\" content=\"811\" \/>\n\t<meta property=\"og:image:type\" content=\"image\/jpeg\" \/>\n<meta name=\"twitter:card\" content=\"summary_large_image\" \/>\n<meta name=\"twitter:label1\" content=\"Dur\u00e9e de lecture estim\u00e9e\" \/>\n\t<meta name=\"twitter:data1\" content=\"1 minute\" \/>\n<script type=\"application\/ld+json\" class=\"yoast-schema-graph\">{\"@context\":\"https:\/\/schema.org\",\"@graph\":[{\"@type\":\"WebPage\",\"@id\":\"https:\/\/www.olivierdarock.com\/photography\/photographe-humanitaire\/\",\"url\":\"https:\/\/www.olivierdarock.com\/photography\/photographe-humanitaire\/\",\"name\":\"Photographe Humanitaire - voyage - photos - Olivier Darock\",\"isPartOf\":{\"@id\":\"https:\/\/www.olivierdarock.com\/photography\/#website\"},\"datePublished\":\"2017-12-26T10:18:11+00:00\",\"dateModified\":\"2020-01-07T11:38:18+00:00\",\"description\":\"Photographe humanitaire. D\u00e9couvrez mes voyages humanitaires \u00e0 travers des reportages photos en plein coeur des populations locales...\",\"breadcrumb\":{\"@id\":\"https:\/\/www.olivierdarock.com\/photography\/photographe-humanitaire\/#breadcrumb\"},\"inLanguage\":\"fr-FR\",\"potentialAction\":[{\"@type\":\"ReadAction\",\"target\":[\"https:\/\/www.olivierdarock.com\/photography\/photographe-humanitaire\/\"]}]},{\"@type\":\"BreadcrumbList\",\"@id\":\"https:\/\/www.olivierdarock.com\/photography\/photographe-humanitaire\/#breadcrumb\",\"itemListElement\":[{\"@type\":\"ListItem\",\"position\":1,\"name\":\"Accueil\",\"item\":\"https:\/\/www.olivierdarock.com\/photography\/\"},{\"@type\":\"ListItem\",\"position\":2,\"name\":\"Photographe-humanitaire-montpellier-reportage\"}]},{\"@type\":\"WebSite\",\"@id\":\"https:\/\/www.olivierdarock.com\/photography\/#website\",\"url\":\"https:\/\/www.olivierdarock.com\/photography\/\",\"name\":\"Photographe \/ Graphiste Freelance Montpellier\",\"description\":\"Photographe \/ Graphiste Freelance Montpellier\",\"potentialAction\":[{\"@type\":\"SearchAction\",\"target\":{\"@type\":\"EntryPoint\",\"urlTemplate\":\"https:\/\/www.olivierdarock.com\/photography\/?s={search_term_string}\"},\"query-input\":\"required name=search_term_string\"}],\"inLanguage\":\"fr-FR\"}]}<\/script>\n<!-- \/ Yoast SEO plugin. -->","yoast_head_json":{"title":"Photographe Humanitaire - voyage - photos - Olivier Darock","description":"Photographe humanitaire. D\u00e9couvrez mes voyages humanitaires \u00e0 travers des reportages photos en plein coeur des populations locales...","robots":{"index":"index","follow":"follow","max-snippet":"max-snippet:-1","max-image-preview":"max-image-preview:large","max-video-preview":"max-video-preview:-1"},"canonical":"https:\/\/www.olivierdarock.com\/photography\/photographe-humanitaire\/","og_locale":"fr_FR","og_type":"article","og_title":"Photographe Humanitaire - voyage - photos - Olivier Darock","og_description":"Photographe humanitaire. D\u00e9couvrez mes voyages humanitaires \u00e0 travers des reportages photos en plein coeur des populations locales...","og_url":"https:\/\/www.olivierdarock.com\/photography\/photographe-humanitaire\/","og_site_name":"Photographe \/ Graphiste Freelance Montpellier","article_publisher":"http:\/\/www.facebook.com\/olivierdarockphotography","article_modified_time":"2020-01-07T11:38:18+00:00","og_image":[{"width":1200,"height":811,"url":"https:\/\/www.olivierdarock.com\/photography\/wp-content\/uploads\/2017\/12\/DSC_5021.jpg","type":"image\/jpeg"}],"twitter_card":"summary_large_image","twitter_misc":{"Dur\u00e9e de lecture estim\u00e9e":"1 minute"},"schema":{"@context":"https:\/\/schema.org","@graph":[{"@type":"WebPage","@id":"https:\/\/www.olivierdarock.com\/photography\/photographe-humanitaire\/","url":"https:\/\/www.olivierdarock.com\/photography\/photographe-humanitaire\/","name":"Photographe Humanitaire - voyage - photos - Olivier Darock","isPartOf":{"@id":"https:\/\/www.olivierdarock.com\/photography\/#website"},"datePublished":"2017-12-26T10:18:11+00:00","dateModified":"2020-01-07T11:38:18+00:00","description":"Photographe humanitaire. D\u00e9couvrez mes voyages humanitaires \u00e0 travers des reportages photos en plein coeur des populations locales...","breadcrumb":{"@id":"https:\/\/www.olivierdarock.com\/photography\/photographe-humanitaire\/#breadcrumb"},"inLanguage":"fr-FR","potentialAction":[{"@type":"ReadAction","target":["https:\/\/www.olivierdarock.com\/photography\/photographe-humanitaire\/"]}]},{"@type":"BreadcrumbList","@id":"https:\/\/www.olivierdarock.com\/photography\/photographe-humanitaire\/#breadcrumb","itemListElement":[{"@type":"ListItem","position":1,"name":"Accueil","item":"https:\/\/www.olivierdarock.com\/photography\/"},{"@type":"ListItem","position":2,"name":"Photographe-humanitaire-montpellier-reportage"}]},{"@type":"WebSite","@id":"https:\/\/www.olivierdarock.com\/photography\/#website","url":"https:\/\/www.olivierdarock.com\/photography\/","name":"Photographe \/ Graphiste Freelance Montpellier","description":"Photographe \/ Graphiste Freelance Montpellier","potentialAction":[{"@type":"SearchAction","target":{"@type":"EntryPoint","urlTemplate":"https:\/\/www.olivierdarock.com\/photography\/?s={search_term_string}"},"query-input":"required name=search_term_string"}],"inLanguage":"fr-FR"}]}},"amp_enabled":false,"_links":{"self":[{"href":"https:\/\/www.olivierdarock.com\/photography\/wp-json\/wp\/v2\/pages\/4215","targetHints":{"allow":["GET"]}}],"collection":[{"href":"https:\/\/www.olivierdarock.com\/photography\/wp-json\/wp\/v2\/pages"}],"about":[{"href":"https:\/\/www.olivierdarock.com\/photography\/wp-json\/wp\/v2\/types\/page"}],"author":[{"embeddable":true,"href":"https:\/\/www.olivierdarock.com\/photography\/wp-json\/wp\/v2\/users\/1"}],"replies":[{"embeddable":true,"href":"https:\/\/www.olivierdarock.com\/photography\/wp-json\/wp\/v2\/comments?post=4215"}],"version-history":[{"count":2,"href":"https:\/\/www.olivierdarock.com\/photography\/wp-json\/wp\/v2\/pages\/4215\/revisions"}],"predecessor-version":[{"id":5265,"href":"https:\/\/www.olivierdarock.com\/photography\/wp-json\/wp\/v2\/pages\/4215\/revisions\/5265"}],"wp:featuredmedia":[{"embeddable":true,"href":"https:\/\/www.olivierdarock.com\/photography\/wp-json\/wp\/v2\/media\/4225"}],"wp:attachment":[{"href":"https:\/\/www.olivierdarock.com\/photography\/wp-json\/wp\/v2\/media?parent=4215"}],"curies":[{"name":"wp","href":"https:\/\/api.w.org\/{rel}","templated":true}]}}