{"id":4144,"date":"2017-12-14T15:11:08","date_gmt":"2017-12-14T15:11:08","guid":{"rendered":"http:\/\/www.olivierdarock.com\/photography\/?page_id=4144"},"modified":"2018-12-06T14:15:36","modified_gmt":"2018-12-06T13:15:36","slug":"portfolio","status":"publish","type":"page","link":"https:\/\/www.olivierdarock.com\/photography\/portfolio\/","title":{"rendered":"Photographe de mariage, entreprise, corporate, \u00e9v\u00e9nementiel&#8230;"},"content":{"rendered":"<p>[vc_row][vc_column][vc_single_image image=\u00a0\u00bb5163&Prime; img_size=\u00a0\u00bbfull\u00a0\u00bb alignment=\u00a0\u00bbcenter\u00a0\u00bb onclick=\u00a0\u00bbcustom_link\u00a0\u00bb link=\u00a0\u00bbhttps:\/\/www.olivierdarock.com\/photography\/carte-cadeau-seance-photos\/\u00a0\u00bb][vc_column_text css_animation=\u00a0\u00bbfadeIn\u00a0\u00bb]<\/p>\n<div class=\"article-header is-aligned-center\" data-role=\"header\">\n<div class=\"article-title-wrap\">\n<h1 class=\"article-title entry-title\" style=\"text-align: center;\">*** CARTE CADEAU ***<\/h1>\n<\/div>\n<\/div>\n<div class=\"article-content sc\" data-role=\"content\">\n<h2 style=\"text-align: center;\">UNE S\u00c9ANCE PHOTO COMME CADEAU INOUBLIABLE\u2026<\/h2>\n<\/div>\n<p>[\/vc_column_text][vc_separator][vc_custom_heading text=\u00a0\u00bbPortfolio\u00a0\u00bb font_container=\u00a0\u00bbtag:h1|text_align:center\u00a0\u00bb use_theme_fonts=\u00a0\u00bbyes\u00a0\u00bb css_animation=\u00a0\u00bbslideInDown\u00a0\u00bb][\/vc_column][\/vc_row][vc_row][vc_column width=\u00a0\u00bb1\/3&Prime;][vc_single_image image=\u00a0\u00bb4615&Prime; img_size=\u00a0\u00bblarge\u00a0\u00bb onclick=\u00a0\u00bbcustom_link\u00a0\u00bb css_animation=\u00a0\u00bbfadeInUp\u00a0\u00bb title=\u00a0\u00bbEntreprise\u00a0\u00bb link=\u00a0\u00bbhttp:\/\/www.olivierdarock.com\/photography\/photographe-entreprise\/\u00a0\u00bb][vc_single_image image=\u00a0\u00bb4436&Prime; img_size=\u00a0\u00bblarge\u00a0\u00bb onclick=\u00a0\u00bbcustom_link\u00a0\u00bb css_animation=\u00a0\u00bbfadeInUp\u00a0\u00bb title=\u00a0\u00bbEv\u00e9nementiel\u00a0\u00bb link=\u00a0\u00bbhttp:\/\/www.olivierdarock.com\/photography\/photographe-evenementiel\u00a0\u00bb][vc_single_image image=\u00a0\u00bb4235&Prime; img_size=\u00a0\u00bblarge\u00a0\u00bb add_caption=\u00a0\u00bbyes\u00a0\u00bb onclick=\u00a0\u00bbcustom_link\u00a0\u00bb css_animation=\u00a0\u00bbfadeInUp\u00a0\u00bb link=\u00a0\u00bbhttp:\/\/www.olivierdarock.com\/photography\/photographe-humanitaire\/\u00a0\u00bb title=\u00a0\u00bbHumanitaire\u00a0\u00bb][\/vc_column][vc_column width=\u00a0\u00bb1\/3&Prime;][vc_single_image image=\u00a0\u00bb4367&Prime; img_size=\u00a0\u00bblarge\u00a0\u00bb add_caption=\u00a0\u00bbyes\u00a0\u00bb style=\u00a0\u00bbvc_box_rounded\u00a0\u00bb onclick=\u00a0\u00bbcustom_link\u00a0\u00bb css_animation=\u00a0\u00bbfadeInUp\u00a0\u00bb link=\u00a0\u00bbhttp:\/\/www.olivierdarock.com\/photography\/photographe-mariage\/\u00a0\u00bb title=\u00a0\u00bbMariages\u00a0\u00bb][vc_single_image image=\u00a0\u00bb4704&Prime; img_size=\u00a0\u00bblarge\u00a0\u00bb add_caption=\u00a0\u00bbyes\u00a0\u00bb style=\u00a0\u00bbvc_box_rounded\u00a0\u00bb onclick=\u00a0\u00bbcustom_link\u00a0\u00bb css_animation=\u00a0\u00bbfadeInUp\u00a0\u00bb link=\u00a0\u00bbhttp:\/\/www.olivierdarock.com\/photography\/photographe-portraits-montpellier\/\u00a0\u00bb title=\u00a0\u00bbPortraits &amp; Books\u00a0\u00bb][vc_single_image image=\u00a0\u00bb4707&Prime; img_size=\u00a0\u00bblarge\u00a0\u00bb add_caption=\u00a0\u00bbyes\u00a0\u00bb style=\u00a0\u00bbvc_box_rounded\u00a0\u00bb onclick=\u00a0\u00bbcustom_link\u00a0\u00bb css_animation=\u00a0\u00bbfadeInUp\u00a0\u00bb title=\u00a0\u00bbStreet\u00a0\u00bb link=\u00a0\u00bbhttp:\/\/www.olivierdarock.com\/photography\/photographe-street-rue\/\u00a0\u00bb][\/vc_column][vc_column width=\u00a0\u00bb1\/3&Prime;][vc_single_image image=\u00a0\u00bb4140&Prime; img_size=\u00a0\u00bblarge\u00a0\u00bb add_caption=\u00a0\u00bbyes\u00a0\u00bb style=\u00a0\u00bbvc_box_rounded\u00a0\u00bb onclick=\u00a0\u00bbcustom_link\u00a0\u00bb css_animation=\u00a0\u00bbfadeInUp\u00a0\u00bb link=\u00a0\u00bbhttp:\/\/www.olivierdarock.com\/photography\/photographe-grossesse-naissance\u00a0\u00bb title=\u00a0\u00bbGrossesses &amp; Naissances\u00a0\u00bb][vc_single_image image=\u00a0\u00bb4369&Prime; img_size=\u00a0\u00bblarge\u00a0\u00bb add_caption=\u00a0\u00bbyes\u00a0\u00bb style=\u00a0\u00bbvc_box_rounded\u00a0\u00bb onclick=\u00a0\u00bbcustom_link\u00a0\u00bb css_animation=\u00a0\u00bbfadeInUp\u00a0\u00bb title=\u00a0\u00bbC\u00e9l\u00e9brit\u00e9s\u00a0\u00bb link=\u00a0\u00bbhttp:\/\/www.olivierdarock.com\/photography\/photographe-celebrites\u00a0\u00bb][\/vc_column][\/vc_row]<\/p>\n","protected":false},"excerpt":{"rendered":"<p>[vc_row][vc_column][vc_single_image image=\u00a0\u00bb5163&Prime; img_size=\u00a0\u00bbfull\u00a0\u00bb alignment=\u00a0\u00bbcenter\u00a0\u00bb onclick=\u00a0\u00bbcustom_link\u00a0\u00bb link=\u00a0\u00bbhttps:\/\/www.olivierdarock.com\/photography\/carte-cadeau-seance-photos\/\u00a0\u00bb][vc_column_text css_animation=\u00a0\u00bbfadeIn\u00a0\u00bb] *** CARTE CADEAU *** UNE S\u00c9ANCE PHOTO COMME CADEAU INOUBLIABLE\u2026 [\/vc_column_text][vc_separator][vc_custom_heading text=\u00a0\u00bbPortfolio\u00a0\u00bb font_container=\u00a0\u00bbtag:h1|text_align:center\u00a0\u00bb use_theme_fonts=\u00a0\u00bbyes\u00a0\u00bb css_animation=\u00a0\u00bbslideInDown\u00a0\u00bb][\/vc_column][\/vc_row][vc_row][vc_column width=\u00a0\u00bb1\/3&Prime;][vc_single_image image=\u00a0\u00bb4615&Prime; img_size=\u00a0\u00bblarge\u00a0\u00bb onclick=\u00a0\u00bbcustom_link\u00a0\u00bb css_animation=\u00a0\u00bbfadeInUp\u00a0\u00bb title=\u00a0\u00bbEntreprise\u00a0\u00bb link=\u00a0\u00bbhttp:\/\/www.olivierdarock.com\/photography\/photographe-entreprise\/\u00a0\u00bb][vc_single_image image=\u00a0\u00bb4436&Prime; img_size=\u00a0\u00bblarge\u00a0\u00bb onclick=\u00a0\u00bbcustom_link\u00a0\u00bb css_animation=\u00a0\u00bbfadeInUp\u00a0\u00bb title=\u00a0\u00bbEv\u00e9nementiel\u00a0\u00bb link=\u00a0\u00bbhttp:\/\/www.olivierdarock.com\/photography\/photographe-evenementiel\u00a0\u00bb][vc_single_image image=\u00a0\u00bb4235&Prime; img_size=\u00a0\u00bblarge\u00a0\u00bb add_caption=\u00a0\u00bbyes\u00a0\u00bb onclick=\u00a0\u00bbcustom_link\u00a0\u00bb css_animation=\u00a0\u00bbfadeInUp\u00a0\u00bb link=\u00a0\u00bbhttp:\/\/www.olivierdarock.com\/photography\/photographe-humanitaire\/\u00a0\u00bb title=\u00a0\u00bbHumanitaire\u00a0\u00bb][\/vc_column][vc_column width=\u00a0\u00bb1\/3&Prime;][vc_single_image image=\u00a0\u00bb4367&Prime; img_size=\u00a0\u00bblarge\u00a0\u00bb add_caption=\u00a0\u00bbyes\u00a0\u00bb style=\u00a0\u00bbvc_box_rounded\u00a0\u00bb onclick=\u00a0\u00bbcustom_link\u00a0\u00bb css_animation=\u00a0\u00bbfadeInUp\u00a0\u00bb link=\u00a0\u00bbhttp:\/\/www.olivierdarock.com\/photography\/photographe-mariage\/\u00a0\u00bb title=\u00a0\u00bbMariages\u00a0\u00bb][vc_single_image image=\u00a0\u00bb4704&Prime; img_size=\u00a0\u00bblarge\u00a0\u00bb add_caption=\u00a0\u00bbyes\u00a0\u00bb style=\u00a0\u00bbvc_box_rounded\u00a0\u00bb [&hellip;]<\/p>\n","protected":false},"author":1,"featured_media":4426,"parent":0,"menu_order":0,"comment_status":"closed","ping_status":"closed","template":"template-fullwidth.php","meta":{"footnotes":""},"class_list":["post-4144","page","type-page","status-publish","has-post-thumbnail","hentry"],"acf":[],"yoast_head":"<!-- This site is optimized with the Yoast SEO plugin v20.2.1 - https:\/\/yoast.com\/wordpress\/plugins\/seo\/ -->\n<title>Portfolio Olivier Darock Photographe sur Montpellier<\/title>\n<meta name=\"description\" content=\"Portfolio : Mes photos s&#039;inspirent de la lumi\u00e8re, de la couleur, des techniques du traitement noir et blanc, de la perspective cr\u00e9ative et, bien s\u00fbr, des personnalit\u00e9s des personnes que je photographie!\" \/>\n<meta name=\"robots\" content=\"index, follow, max-snippet:-1, max-image-preview:large, max-video-preview:-1\" \/>\n<link rel=\"canonical\" href=\"https:\/\/www.olivierdarock.com\/photography\/portfolio\/\" \/>\n<meta property=\"og:locale\" content=\"fr_FR\" \/>\n<meta property=\"og:type\" content=\"article\" \/>\n<meta property=\"og:title\" content=\"Portfolio Olivier Darock Photographe sur Montpellier\" \/>\n<meta property=\"og:description\" content=\"Portfolio : Mes photos s&#039;inspirent de la lumi\u00e8re, de la couleur, des techniques du traitement noir et blanc, de la perspective cr\u00e9ative et, bien s\u00fbr, des personnalit\u00e9s des personnes que je photographie!\" \/>\n<meta property=\"og:url\" content=\"https:\/\/www.olivierdarock.com\/photography\/portfolio\/\" \/>\n<meta property=\"og:site_name\" content=\"Photographe \/ Graphiste Freelance Montpellier\" \/>\n<meta property=\"article:publisher\" content=\"http:\/\/www.facebook.com\/olivierdarockphotography\" \/>\n<meta property=\"article:modified_time\" content=\"2018-12-06T13:15:36+00:00\" \/>\n<meta property=\"og:image\" content=\"https:\/\/www.olivierdarock.com\/photography\/wp-content\/uploads\/2018\/02\/Reportage-photos-Seminaire-Dior.jpg\" \/>\n\t<meta property=\"og:image:width\" content=\"1200\" \/>\n\t<meta property=\"og:image:height\" content=\"801\" \/>\n\t<meta property=\"og:image:type\" content=\"image\/jpeg\" \/>\n<meta name=\"twitter:card\" content=\"summary_large_image\" \/>\n<meta name=\"twitter:label1\" content=\"Dur\u00e9e de lecture estim\u00e9e\" \/>\n\t<meta name=\"twitter:data1\" content=\"2 minutes\" \/>\n<script type=\"application\/ld+json\" class=\"yoast-schema-graph\">{\"@context\":\"https:\/\/schema.org\",\"@graph\":[{\"@type\":\"WebPage\",\"@id\":\"https:\/\/www.olivierdarock.com\/photography\/portfolio\/\",\"url\":\"https:\/\/www.olivierdarock.com\/photography\/portfolio\/\",\"name\":\"Portfolio Olivier Darock Photographe sur Montpellier\",\"isPartOf\":{\"@id\":\"https:\/\/www.olivierdarock.com\/photography\/#website\"},\"datePublished\":\"2017-12-14T15:11:08+00:00\",\"dateModified\":\"2018-12-06T13:15:36+00:00\",\"description\":\"Portfolio : Mes photos s'inspirent de la lumi\u00e8re, de la couleur, des techniques du traitement noir et blanc, de la perspective cr\u00e9ative et, bien s\u00fbr, des personnalit\u00e9s des personnes que je photographie!\",\"breadcrumb\":{\"@id\":\"https:\/\/www.olivierdarock.com\/photography\/portfolio\/#breadcrumb\"},\"inLanguage\":\"fr-FR\",\"potentialAction\":[{\"@type\":\"ReadAction\",\"target\":[\"https:\/\/www.olivierdarock.com\/photography\/portfolio\/\"]}]},{\"@type\":\"BreadcrumbList\",\"@id\":\"https:\/\/www.olivierdarock.com\/photography\/portfolio\/#breadcrumb\",\"itemListElement\":[{\"@type\":\"ListItem\",\"position\":1,\"name\":\"Accueil\",\"item\":\"https:\/\/www.olivierdarock.com\/photography\/\"},{\"@type\":\"ListItem\",\"position\":2,\"name\":\"Photographe de mariage, entreprise, corporate, \u00e9v\u00e9nementiel&#8230;\"}]},{\"@type\":\"WebSite\",\"@id\":\"https:\/\/www.olivierdarock.com\/photography\/#website\",\"url\":\"https:\/\/www.olivierdarock.com\/photography\/\",\"name\":\"Photographe \/ Graphiste Freelance Montpellier\",\"description\":\"Photographe \/ Graphiste Freelance Montpellier\",\"potentialAction\":[{\"@type\":\"SearchAction\",\"target\":{\"@type\":\"EntryPoint\",\"urlTemplate\":\"https:\/\/www.olivierdarock.com\/photography\/?s={search_term_string}\"},\"query-input\":\"required name=search_term_string\"}],\"inLanguage\":\"fr-FR\"}]}<\/script>\n<!-- \/ Yoast SEO plugin. -->","yoast_head_json":{"title":"Portfolio Olivier Darock Photographe sur Montpellier","description":"Portfolio : Mes photos s'inspirent de la lumi\u00e8re, de la couleur, des techniques du traitement noir et blanc, de la perspective cr\u00e9ative et, bien s\u00fbr, des personnalit\u00e9s des personnes que je photographie!","robots":{"index":"index","follow":"follow","max-snippet":"max-snippet:-1","max-image-preview":"max-image-preview:large","max-video-preview":"max-video-preview:-1"},"canonical":"https:\/\/www.olivierdarock.com\/photography\/portfolio\/","og_locale":"fr_FR","og_type":"article","og_title":"Portfolio Olivier Darock Photographe sur Montpellier","og_description":"Portfolio : Mes photos s'inspirent de la lumi\u00e8re, de la couleur, des techniques du traitement noir et blanc, de la perspective cr\u00e9ative et, bien s\u00fbr, des personnalit\u00e9s des personnes que je photographie!","og_url":"https:\/\/www.olivierdarock.com\/photography\/portfolio\/","og_site_name":"Photographe \/ Graphiste Freelance Montpellier","article_publisher":"http:\/\/www.facebook.com\/olivierdarockphotography","article_modified_time":"2018-12-06T13:15:36+00:00","og_image":[{"width":1200,"height":801,"url":"https:\/\/www.olivierdarock.com\/photography\/wp-content\/uploads\/2018\/02\/Reportage-photos-Seminaire-Dior.jpg","type":"image\/jpeg"}],"twitter_card":"summary_large_image","twitter_misc":{"Dur\u00e9e de lecture estim\u00e9e":"2 minutes"},"schema":{"@context":"https:\/\/schema.org","@graph":[{"@type":"WebPage","@id":"https:\/\/www.olivierdarock.com\/photography\/portfolio\/","url":"https:\/\/www.olivierdarock.com\/photography\/portfolio\/","name":"Portfolio Olivier Darock Photographe sur Montpellier","isPartOf":{"@id":"https:\/\/www.olivierdarock.com\/photography\/#website"},"datePublished":"2017-12-14T15:11:08+00:00","dateModified":"2018-12-06T13:15:36+00:00","description":"Portfolio : Mes photos s'inspirent de la lumi\u00e8re, de la couleur, des techniques du traitement noir et blanc, de la perspective cr\u00e9ative et, bien s\u00fbr, des personnalit\u00e9s des personnes que je photographie!","breadcrumb":{"@id":"https:\/\/www.olivierdarock.com\/photography\/portfolio\/#breadcrumb"},"inLanguage":"fr-FR","potentialAction":[{"@type":"ReadAction","target":["https:\/\/www.olivierdarock.com\/photography\/portfolio\/"]}]},{"@type":"BreadcrumbList","@id":"https:\/\/www.olivierdarock.com\/photography\/portfolio\/#breadcrumb","itemListElement":[{"@type":"ListItem","position":1,"name":"Accueil","item":"https:\/\/www.olivierdarock.com\/photography\/"},{"@type":"ListItem","position":2,"name":"Photographe de mariage, entreprise, corporate, \u00e9v\u00e9nementiel&#8230;"}]},{"@type":"WebSite","@id":"https:\/\/www.olivierdarock.com\/photography\/#website","url":"https:\/\/www.olivierdarock.com\/photography\/","name":"Photographe \/ Graphiste Freelance Montpellier","description":"Photographe \/ Graphiste Freelance Montpellier","potentialAction":[{"@type":"SearchAction","target":{"@type":"EntryPoint","urlTemplate":"https:\/\/www.olivierdarock.com\/photography\/?s={search_term_string}"},"query-input":"required name=search_term_string"}],"inLanguage":"fr-FR"}]}},"amp_enabled":false,"_links":{"self":[{"href":"https:\/\/www.olivierdarock.com\/photography\/wp-json\/wp\/v2\/pages\/4144","targetHints":{"allow":["GET"]}}],"collection":[{"href":"https:\/\/www.olivierdarock.com\/photography\/wp-json\/wp\/v2\/pages"}],"about":[{"href":"https:\/\/www.olivierdarock.com\/photography\/wp-json\/wp\/v2\/types\/page"}],"author":[{"embeddable":true,"href":"https:\/\/www.olivierdarock.com\/photography\/wp-json\/wp\/v2\/users\/1"}],"replies":[{"embeddable":true,"href":"https:\/\/www.olivierdarock.com\/photography\/wp-json\/wp\/v2\/comments?post=4144"}],"version-history":[{"count":3,"href":"https:\/\/www.olivierdarock.com\/photography\/wp-json\/wp\/v2\/pages\/4144\/revisions"}],"predecessor-version":[{"id":5189,"href":"https:\/\/www.olivierdarock.com\/photography\/wp-json\/wp\/v2\/pages\/4144\/revisions\/5189"}],"wp:featuredmedia":[{"embeddable":true,"href":"https:\/\/www.olivierdarock.com\/photography\/wp-json\/wp\/v2\/media\/4426"}],"wp:attachment":[{"href":"https:\/\/www.olivierdarock.com\/photography\/wp-json\/wp\/v2\/media?parent=4144"}],"curies":[{"name":"wp","href":"https:\/\/api.w.org\/{rel}","templated":true}]}}